23*r + 1. Let b be j(1). Let x = -15 + b. Let g(p) = 98*p**3 + 3*p - 2. Let u be g(1). What is the greatest common divisor of x and u?
9
Let q(j) = -j**2 - 2*j + 1. Let v(b) = -6*b**2 + 38. Let w(i) = -5*q(i) + v(i). Let u be w(11). Calculate the greatest common divisor of 10 and u.
2
Suppose -4*c - 3903 = 4*f - 211, 3*c - 5*f = -2793. Let a = c + 1662. Calculate the highest common divisor of 92 and a.
92
Let o = -6 - -8. Suppose -3*z = 4*b - 583, z + 577 = 4*b - o*z. Let p = -1203 - -1261. What is the greatest common divisor of p and b?
29
Suppose -40*x - 23*x = 298*x - 1083. What is the highest common divisor of 3093 and x?
3
Let d be 1/2*10*3. Let s = 2773 - 2758. Calculate the highest common factor of d and s.
15
Let w(o) = -2*o - 29. Let k be w(-11). Let t = -63 - k. Let c = t - -160. What is the highest common divisor of c and 13?
13
Let v be (-5)/10 - (-25)/(-10)*(-145336)/40. What is the greatest common factor of 293 and v?
293
Let y(z) be the second derivative of z**3/6 + 26*z**2 - 7*z + 7. Let o be y(-7). Let f be (6/15)/((-2)/(-90)). Calculate the greatest common factor of f and o.
9
Suppose -y + 576 = 23*y. Let h(m) = m**3 - 24*m**2 - 2*m + 55. Let g be h(y). Calculate the greatest common divisor of 56 and g.
7
Let t = 104 + 16. Let q be (95/(-20) + (5 - 20)/(-3))*60. What is the highest common divisor of t and q?
15
Let l = 2812 - 2701. Calculate the highest common factor of l and 481.
37
Let s = 2212 - 1609. What is the highest common divisor of 18 and s?
9
Let m = 4 - 6. Let v be (-10)/(-4)*(6 - m). Let c(i) = 2*i**2 - 155*i + 878. Let w be c(6). Calculate the greatest common divisor of w and v.
20
Let a = -29 + 92. Let t be ((-216)/a)/(-12) - 556/(-14). What is the highest common divisor of t and 10?
10
Let g(s) = -3815*s + 27. Let l be g(-1). What is the highest common divisor of l and 34?
34
Suppose 0 = -3*r - 3*o + 117, 67*r - o + 147 = 71*r. What is the greatest common divisor of r and 4956?
12
Suppose 95*g + g = -11*g + 118235. Calculate the highest common divisor of g and 130.
65
Let h(z) = 1385*z + 1599. Let w be h(2). What is the greatest common factor of 119 and w?
17
Let m(p) = 9*p**2 - 728*p + 159. Let y be m(81). Calculate the highest common factor of y and 810.
30
Suppose 32 = 4*y - 76. Suppose 0*t - y = -3*t. Suppose -4*b + t*b - 55 = 0. Calculate the highest common divisor of b and 77.
11
Let a = -333 - -188. Let k = -127 - a. What is the greatest common factor of k and 144?
18
Suppose -3*v - 1211*f + 1214*f + 1074 = 0, 0 = -3*f - 24. Let n = -27 - -41. What is the greatest common divisor of v and n?
14
Suppose 0 = 3*c - 6*c - 3*z - 129, -2*c - 98 = 5*z. Let o be (5 - (-108)/(-20))*(c - 1). Let k = 71 - -9. What is the greatest common divisor of o and k?
16
Let j(c) = -4*c**2 + 14*c**2 + 2*c**3 + 4*c + 0*c. Let s be j(-5). Let m be (-8)/s - 208/(-5). Calculate the highest common divisor of m and 28.
14
Let u = 413 + -206. Suppose u - 33 = 2*s. Suppose 260 = s*w - 83*w. Calculate the highest common factor of 5 and w.
5
Let b be (-296)/(-1924) - (-2 - (-147)/78)*1108. Calculate the greatest common divisor of 11072 and b.
64
Let v = 1 - -7. Suppose t - 6 = 3*r + 4*t, 0 = -2*t - v. Suppose 5*l = -15, 5*d + 3*l - 625 = -r*l. What is the highest common divisor of 16 and d?
16
Suppose 0 = -144*l - 1259 + 1112 + 3315. Calculate the greatest common divisor of l and 106.
2
Let z = 3095 + -2453. What is the highest common factor of z and 12?
6
Suppose 4*l + 14*b = 9*b + 1782, 1334 = 3*l + 5*b. Suppose -38*v + 39*v = l. What is the highest common factor of v and 28?
28
Suppose 0 = -5*b + h + 726, 0 = 4*b + 4*h - 7*h - 583. Suppose -81 = 2*j - b. Calculate the highest common factor of 64 and j.
32
Suppose -13147 = -2*o + 9*l - 6*l, 5*o - 32820 = -2*l. What is the highest common factor of o and 196?
98
Let t = 210 - 513. Let f = -290 - t. What is the highest common divisor of 1079 and f?
13
Let s(g) = g**3 - 22*g**2 + 29*g + 38. Let r be s(24). Suppose -r = 332*m - 334*m. Calculate the highest common factor of 82 and m.
41
Let i = 401 - 391. Let m(g) = 16*g - 64. Let b be m(i). Calculate the highest common factor of b and 3.
3
Suppose 27*k + 3999 = 16014. Let h be (0 + -1)*(-543 - -9)/6. What is the greatest common divisor of h and k?
89
Suppose 9*g - 7*g = 0. Suppose 4*r - 6 - 162 = g. Calculate the highest common factor of r and 294.
42
Let y(s) = -s**3 - 6*s**2 + 31*s + 231. Let d be y(-5). Calculate the highest common factor of 272 and d.
17
Suppose -9*g = -11*g - 2*q, 0 = q + 1. Let k be (6/(-9))/(g/351*-3). What is the greatest common divisor of k and 48?
6
Suppose 5*h - 114 = -0*w - w, -90 = -5*h + 5*w. Let v = -12060 + 12104. What is the greatest common factor of h and v?
22
Suppose -m + 5*m - 24 = 0. Suppose -b + 0*b = -m. Let y(n) = -3*n**2 - 142*n + 567. Let v be y(-51). What is the greatest common divisor of v and b?
6
Let o be (-7)/((-14)/312) - -4. Let t be (-1)/(-7*1 + (250/(-80) - -10)). Calculate the greatest common divisor of o and t.
8
Suppose 106*c - 86*c - 23000 = 0. Calculate the highest common divisor of c and 75.
25
Suppose 3*s - l - 5 = 0, 2*l - 17 = -18*s + 15*s. Suppose -a + 110 = s*k, -40 - 75 = -3*k + 4*a. What is the highest common factor of k and 851?
37
Let i = 128 + 26. Let q = 439 + -411. Calculate the highest common divisor of i and q.
14
Suppose 2154*u + 2520 = 2238*u. Calculate the highest common factor of 1830 and u.
30
Let c be 4998/196*1*(-10)/(-3). Calculate the highest common divisor of 901 and c.
17
Let y be (-5 - 64757/(-35)) + (-84)/(-105). Calculate the greatest common divisor of y and 142.
142
Suppose 375 = -v - 5*i, -v + 5*i - 2*i - 391 = 0. Let p be (-6435)/v - (-1)/(14/4). Calculate the greatest common divisor of 51 and p.
17
Let y(k) = 2*k**2 + 10*k + 329. Suppose -4*n = 3*m + 32, -m + 4*n - 11 - 5 = 0. Let i be y(m). What is the greatest common divisor of i and 213?
71
Suppose 0 = -u + m + 428, -u + 4*m - 540 = -962. What is the highest common factor of 10 and u?
10
Let r be (61408/133)/16 + (-1)/(-7). What is the highest common divisor of 5539 and r?
29
Suppose -542 = 10*a - 12*a. Let f = a + -238. What is the greatest common divisor of 88 and f?
11
Let n(t) = -3*t**3 - 5*t**2 - 22*t - 20. Let p be n(-5). What is the greatest common divisor of p and 85?
85
Suppose -4775*s - 960 = -4795*s. Calculate the highest common divisor of 201 and s.
3
Let j be 2*((-56)/(-252) + (-87284)/(-72)). Calculate the highest common divisor of 776 and j.
97
Let m(z) = z**2 - 347*z - 2092. Let p be m(-6). Let i(y) = 2*y**2 - 8*y + 1. Let c be i(8). Calculate the greatest common factor of c and p.
13
Let f be 16/9 + 42/189. Suppose -38 = -10*h + f. Suppose -h*k - 5*z - 1 = -314, 5*z - 390 = -5*k. What is the highest common factor of k and 11?
11
Let a(c) = 10*c + 2. Let l be a(3). Suppose 16*q - 605 = 11*q - 4*h, 0 = 4*q - 4*h - 448. Let d = q + -113. What is the highest common factor of d and l?
4
Suppose 143*q + 755 = 152*q - 253. What is the greatest common divisor of 1616 and q?
16
Let o = -2728 + 2735. Calculate the greatest common divisor of 7637 and o.
7
Suppose 235 = -1241*m + 2581*m - 1293*m. Let t be (-4)/6 + 47/3. What is the highest common divisor of m and t?
5
Let d(k) = -2*k - 16. Let q be d(-4). Let b be (24/(-20))/(q/460). Suppose -4*s - 9 = -b. What is the highest common divisor of 15 and s?
15
Let n be 1*(-42)/(-6) - 33. Let t be 79 + (-13)/n*-8*1. Calculate the highest common factor of t and 30.
15
Let n = -66 - -80. Suppose n*z - 1101 = 3687. Calculate the highest common divisor of 9 and z.
9
Let w be -329*(8 + 12 - 22). What is the greatest common divisor of w and 1022?
14
Suppose -8*r = -5*r - 6. Suppose -3*a + 432 = r*l + 3*l, 76 = l - 2*a. Let v be (25 - -1) + 8/(-4). What is the greatest common factor of l and v?
12
Let p be 2/(8 - 649/81). Let z = p + 472. Calculate the highest common divisor of z and 248.
62
Let t be ((12 + -16)*2/4)/(-1) + 1651. What is the greatest common factor of t and 76?
19
Let f(w) = -w**2 + 21*w + 17. Let q be f(21). Let n(x) = 9*x**2 - 95*x - 14. Let s be n(q). What is the highest common divisor of 24 and s?
12
Let q = -10537 - -11017. Calculate the highest common divisor of 390 and q.
30
Let k(f) = 15*f - 25. Let b(d) = 7*d - 13. Let h(y) 